j be (-6)/(-9)*258/4. List the prime factors of j*-5*(12 + -13).
5, 43
Let j(x) = 292*x + 642. List the prime factors of j(72).
2, 3, 23, 157
Let p(s) = 2*s - 5. Let z be p(17). Suppose -z*a + 17*a = -2304. What are the prime factors of a?
2, 3
What are the prime factors of ((-225)/36)/(-4 + (-56952)/(-14240))?
5, 89
Let y(k) = 2*k**2 - 46*k - 37. Let s be y(24). Suppose -3*x - 7*h + s*h = -1046, 5*h = 20. List the prime factors of x.
2, 3, 59
Let b = -893 + 1746. What are the prime factors of 136/(-340) - b/5*-9?
5, 307
Suppose 16*n - 41*n + 131300 = 27*n. List the prime factors of n.
5, 101
List the prime factors of ((4 - 1928)/4 + -8)*-22*1.
2, 3, 11, 163
Suppose 5*d - 9*d + 4*b = -4588, 0 = 3*d + 4*b - 3476. Suppose 5*w - d = -2*l, 9*l - 4*l + w = 2880. What are the prime factors of l?
2, 3
Let f(l) = -2*l**2 + 26*l - 25. Suppose 0 = 3*u - 44 + 8. Let d be f(u). What are the prime factors of d*(8 - 4 - 112)?
2, 3
Let m = 4 + -2. Suppose -2*v - 4*g = -g - 333, 5*v - 867 = 4*g. Suppose m*w = 33 + v. What are the prime factors of w?
2, 3, 17
Let u(t) = 3*t**2 + 5*t - 6. Let b be u(1). What are the prime factors of 156 + b - (30/(-6))/(-1)?
3, 17
Let o = 8714 - -3783. List the prime factors of o.
12497
Suppose 4*a - 41 + 13 = 0. Suppose 196 = 14*b - a*b. List the prime factors of (120/b)/((-1)/(-7 - 0)).
2, 3, 5
Let y = 6790 - 2916. List the prime factors of y.
2, 13, 149
Let g(h) = -h + 3. Let d be g(3). Let l be ((-42)/(-35) - 1)/((-3)/(-10245)). Suppose i = -n + 167, d*i - l = -4*n + i. List the prime factors of n.
2, 5, 17
Suppose 2*o = 4*t + 148, -5*t + 7*t + 4 = 0. Suppose 63*q + 2891 = o*q. What are the prime factors of q?
7, 59
Let h be (-4 + 1)*4*956/(-48). Let d = -5 + h. What are the prime factors of d?
2, 3, 13
Suppose -d - 4*u = -23, u = 4 + 1. Suppose 0 = -3*v - d*v + 36. Suppose 0 = -5*x - 3*c + 710, -v*c - 119 = -x - 2*c. List the prime factors of x.
139
Suppose -p = 2*p - 39. Let j be p/((2/(-4))/(1/2)). Let v = 41 - j. List the prime factors of v.
2, 3
Suppose 115 = -6*n - 467. Let a = -88 - n. Let l(z) = 7*z - 13. What are the prime factors of l(a)?
2, 5
What are the prime factors of (22*(-18)/5)/((-459)/34425)?
2, 3, 5, 11
Let b be (-212)/(-8) + (-5)/10. Suppose a + 5650 = b*a. List the prime factors of a.
2, 113
Let q be 7 + 1149 + -9 + 2. Suppose 6*s = q - 345. What are the prime factors of s?
2, 67
Let q = -3740 - -5786. Suppose -7*w = 408 - q. Let l = w - 159. What are the prime factors of l?
3, 5
Let z(w) = -2*w**3 + 8*w**2 - 22*w - 14. Let q(o) = -3*o**3 + 16*o**2 - 43*o - 27. Let h(b) = 3*q(b) - 5*z(b). What are the prime factors of h(-9)?
79
Suppose -35*f + 29*f = 12. What are the prime factors of 774/4 - 1/f?
2, 97
Suppose 4*l - 33 = 7. Suppose -l*p + 12*p - 130 = 0. Let k = p - -77. List the prime factors of k.
2, 71
Suppose -2*g + 9 = 4*n + 3, 2*g = -n + 6. Suppose -g*r + 81 = -24. Suppose 22*x - r = 21*x. What are the prime factors of x?
5, 7
Let x be ((-84)/(-10))/(3/15). Suppose 4*g + 14 = 2*l, -g - 3*l - 6 = -l. List the prime factors of (x/g)/(6/(-56)).
2, 7
Suppose 6 - 36 = -10*n. List the prime factors of 2/n - 512/(-96).
2, 3
Let c be (-6)/(-8) + 17/4. Let h(f) = -8 + 6*f - 2*f + 18 + 8*f. What are the prime factors of h(c)?
2, 5, 7
Suppose -2*h + 626 = -2*g - 2*g, -2*g = -5*h + 1589. Let n = h - -41. Suppose -6*t = -11*t + n. What are the prime factors of t?
2, 3
Suppose 0 = -5*m - 4*p + 75259, -4*m - p + 9738 + 50456 = 0. List the prime factors of m.
41, 367
Let j(p) = 2*p**2 + 11*p - 21. Let s be j(-15). Suppose 2*b = t + 106, 0*t - s = -5*b + 2*t. What are the prime factors of 4828/b - (-6)/39?
3, 31
Let a(c) = -c**3 + 11*c**2 - 16*c. Let v be a(9). Let m(h) = -11*h - v - 34 + 0*h. List the prime factors of m(-18).
2, 73
Let v(j) = 10*j**3 + j**2 + 4*j - 3. Let s be v(2). Let k = s - 127. Let g = k + 101. What are the prime factors of g?
3, 7
Suppose 0*t + 2 = -m + t, -5*t + 40 = 5*m. Let b(w) = 2*w**2 + 3*w + 1. Let j be b(m). Let p = j + 45. List the prime factors of p.
73
Let w = 17 + -14. Suppose 4*s = -w*o + 26 + 30, 4*o + 28 = 2*s. What are the prime factors of (2/5)/(s/3220)?
2, 23
Let o = -68 + 68. Suppose o*j + j - 159 = 0. Let m = j - 37. What are the prime factors of m?
2, 61
Suppose -9*v + 1488 + 1626 = 0. Suppose 0 = -4*y - 2*u - 820 - v, -u = y + 290. Let d = y - -536. What are the prime factors of d?
3
Suppose -49 = -4*h + 5*r, -4*h + 2*r = r - 77. List the prime factors of h.
3, 7
Suppose -495 - 1938 = -3*k. Let t = -233 + k. List the prime factors of t.
2, 17
Let m(w) = 627*w + 121. What are the prime factors of m(9)?
2, 11, 131
Suppose s - 283 = -o, 4*o - 1128 = -9*s + 6*s. What are the prime factors of (-8)/((-8)/o) + 4?
283
Let r be 6 - (-5)/(5 - 6). List the prime factors of (r/(-2))/((-15)/(-60)) + 324.
2, 7, 23
Suppose 82*i - 81*i = -4*j + 32152, 0 = -3*j - 3. What are the prime factors of i?
2, 8039
Let y(k) = 6*k + 264. Let a be y(-9). Let f = 9 + 3. Suppose -f*w = -14*w + a. What are the prime factors of w?
3, 5, 7
Let w(n) = -38*n. Let a(g) = 57*g. Suppose o = -5*v - 26, -4*o = -5*v - 1 - 20. Let h(f) = v*a(f) - 8*w(f). List the prime factors of h(6).
2, 3, 19
Suppose 40*y = 138442 + 18878. Suppose 0 = 2*g, -3*f + 17*g - 14*g = -y. List the prime factors of f.
3, 19, 23
Let w(k) = -100*k - 12. Let h be w(-8). Let o = 1373 - h. Suppose 5*s - o = c + 24, -351 = -3*s - 3*c. List the prime factors of s.
11
Let c(w) = 3*w**2 + 8*w - 164. Let b be c(21). Suppose 0 = -2*u + b + 293. What are the prime factors of u?
2, 3, 5
Let g(v) = v**3 - 20*v**2 + 18*v + 147. Let k = -665 + 687. List the prime factors of g(k).
1511
Let x(r) = -23*r**3 - 3*r**2 - 364*r - 56. What are the prime factors of x(-15)?
2, 41177
Let o(c) = -5*c**2 + 7*c - 6. Let q be o(-6). Suppose -47*j - 580 = -42*j. Let w = j - q. List the prime factors of w.
2, 7
Suppose 49 = 4*j + 253. Let x = j + 54. Suppose 5*v - 209 - 86 = -5*a, -2*a = x*v - 173. What are the prime factors of v?
5, 11
Let g = -308 - -314. Suppose 0 = -i - 4*u + 697, 4*i - g*i + 1388 = 2*u. List the prime factors of i.
3, 7, 11
Suppose 0*v + m = v - 5, -25 = -5*v + m. Let o(t) = -t**3 + 5*t**2 - 4*t. Let s be o(v). Let u = 66 - s. List the prime factors of u.
2, 43
Let j(m) = -28*m + 2. Let k be j(-1). Let q = k + -29. Let u(p) = 86*p**3 - p**2 + p - 1. List the prime factors of u(q).
5, 17
Let o(a) = 56*a + 240. List the prime factors of o(61).
2, 457
List the prime factors of ((-92)/(-3))/(396/116721).
3, 23, 131
Let m(i) = -i**2 - 49*i - 328. Let w be m(-8). Suppose w = -2*l + 2489 + 1109. What are the prime factors of l?
7, 257
Let s be 4*(-12)/(-16)*(-190)/6. Let g(o) = o**2 + 9*o - 10. Let m be g(-9). What are the prime factors of -3 + 0 - (s - m)?
2, 41
Suppose -4*v = 13*v + 442. List the prime factors of (v/(-6))/(4/(68 - 8)).
5, 13
Suppose 0 = -4*x + 184 - 168. List the prime factors of 7341/12 - (-5)/x.
613
Let b = 873 + 6198. Suppose -255 = -11*s + b. List the prime factors of s.
2, 3, 37
Suppose 1086*t - 1091*t = 4*x - 1089, -656 = -3*t - 5*x. Let o = 21 - 12. Suppose -t = -o*b + 863. List the prime factors of b.
2, 3, 5
Let a(i) = 5 - 4 + 0 + 0 + i. Let s(p) = -2*p + 12. Let o(t) = 6*a(t) + s(t). What are the prime factors of o(9)?
2, 3
Suppose 83*s = 17*s + 47*s + 374224. List the prime factors of s.
2, 1231
Let n(y) = 29*y**2 + y - 7. Let f be n(-5). Let q(w) = w**3 - 18*w**2 + 17*w + 4. Let h be q(17). Suppose f - 81 = h*v. What are the prime factors of v?
2, 79
Let v be -1 + 1366 + 1 + -5 + 5. Let z = -748 + v. What are the prime factors of z?
2, 3, 103
Suppose 11*t + t - 20*t = -166568. What are the prime factors of t?
47, 443
Suppose -2*w - 94174 = -909*n + 907*n, 2*w - 47084 = -n. List the prime factors of n.
2, 13, 1811
Suppose 5*n - 6419 + 361 = -3*o, 3654 = 3*n - 3*o. Suppose 0 = 2*v - n - 86. List the prime factors of v.
2, 5, 13
Suppose 2*x + 14 = -2*b - b, -4*b - 30 = -3*x. Let c be (8/b)/((-10)/(-180)). List the prime factors of -292*(-4)/c*9/(-2).
3, 73
Let l = -19 + 3789. List the prime factors of l.
2, 5, 13, 29
Let w be ((-97)/3)/(976/(-108) + 9). Suppose -6*m = -465 - w. List the prime factors of m.
223
Let d(r) = r**3 + 64*r**2 + 56*r - 47. List the prime factors of d(-63).
2, 197
Suppose 13*d + 294 = 20*d. Su